 8110?
8084
What is the remainder when 11510396 is divided by 218?
214
Calculate the remainder when 20011 is divided by 2667.
1342
Calculate the remainder when 4230172 is divided by 69.
58
What is the remainder when 2067337 is divided by 516833?
5
Calculate the remainder when 490417 is divided by 61302.
1
Calculate the remainder when 39783985 is divided by 18.
7
What is the remainder when 9578597 is divided by 1429?
10
Calculate the remainder when 5888917 is divided by 392579.
232
Calculate the remainder when 1438823 is divided by 324.
263
Calculate the remainder when 11527566 is divided by 4.
2
Calculate the remainder when 56614 is divided by 685.
444
Calculate the remainder when 8829695 is divided by 64.
63
Calculate the remainder when 910687 is divided by 455311.
65
What is the remainder when 8328398 is divided by 1041015?
278
What is the remainder when 3732854 is divided by 1533?
1532
What is the remainder when 264306511 is divided by 669?
667
What is the remainder when 12514729 is divided by 96?
73
Calculate the remainder when 9011 is divided by 2139.
455
Calculate the remainder when 263173 is divided by 376.
349
What is the remainder when 3711089 is divided by 618392?
737
Calculate the remainder when 14208 is divided by 4705.
93
Calculate the remainder when 1956438 is divided by 177858.
0
What is the remainder when 38520176 is divided by 143732?
0
Calculate the remainder when 71005 is divided by 2625.
130
What is the remainder when 4248289 is divided by 198?
1
What is the remainder when 10679377 is divided by 2650?
2527
Calculate the remainder when 1330975 is divided by 29.
20
Calculate the remainder when 331124 is divided by 294.
80
Calculate the remainder when 1670180 is divided by 556607.
359
Calculate the remainder when 993884 is divided by 1281.
1109
What is the remainder when 281802557 is divided by 160?
157
What is the remainder when 568307 is divided by 16237?
12
Calculate the remainder when 740163 is divided by 17.
0
Calculate the remainder when 1339542 is divided by 15221.
94
Calculate the remainder when 888572 is divided by 7343.
69
What is the remainder when 9376229 is divided by 15?
14
Calculate the remainder when 1239878327 is divided by 4206.
4205
Calculate the remainder when 899088 is divided by 899082.
6
Calculate the remainder when 1737673 is divided by 4634.
4557
What is the remainder when 947003 is divided by 115?
93
Calculate the remainder when 106608 is divided by 561.
18
What is the remainder when 1744140 is divided by 19597?
7
What is the remainder when 218879961 is divided by 16?
9
Calculate the remainder when 925361 is divided by 115669.
9
Calculate the remainder when 888279 is divided by 888275.
4
Calculate the remainder when 8345613 is divided by 8190.
3
What is the remainder when 307921 is divided by 5132?
1
What is the remainder when 6395412 is divided by 1687?
1682
What is the remainder when 12833619 is divided by 534?
531
What is the remainder when 172276 is divided by 153?
151
Calculate the remainder when 151311355 is divided by 1920.
1915
What is the remainder when 218411048 is divided by 255?
233
What is the remainder when 4135793 is divided by 610?
603
What is the remainder when 956084 is divided by 3528?
3524
Calculate the remainder when 211606837 is divided by 16479.
16477
What is the remainder when 134397 is divided by 191?
124
Calculate the remainder when 233563 is divided by 3238.
427
What is the remainder when 158460482 is divided by 1593?
1586
What is the remainder when 55960 is divided by 27956?
48
What is the remainder when 1254896 is divided by 1418?
1384
What is the remainder when 5784220 is divided by 271?
267
What is the remainder when 138123971 is divided by 116?
103
What is the remainder when 1650928 is divided by 550287?
67
What is the remainder when 6744346 is divided by 6109?
10
What is the remainder when 119625 is divided by 23915?
50
Calculate the remainder when 122829 is divided by 61359.
111
Calculate the remainder when 36965062 is divided by 206.
10
Calculate the remainder when 40040 is divided by 5736.
5624
What is the remainder when 22217528 is divided by 2146?
2136
What is the remainder when 27723286 is divided by 27723283?
3
What is the remainder when 5242973 is divided by 8?
5
Calculate the remainder when 5466 is divided by 3442.
2024
What is the remainder when 9307965 is divided by 19?
17
What is the remainder when 419144 is divided by 11168?
5928
Calculate the remainder when 590326275 is divided by 214.
213
Calculate the remainder when 6812762 is divided by 130.
112
Calculate the remainder when 881294 is divided by 470.
44
What is the remainder when 398250 is divided by 397992?
258
What is the remainder when 6828560 is divided by 69?
44
Calculate the remainder when 5192711 is divided by 80.
71
Calculate the remainder when 2399679 is divided by 819.
9
What is the remainder when 256885 is divided by 5464?
77
Calculate the remainder when 1261038 is divided by 60031.
387
What is the remainder when 420598 is divided by 3923?
837
What is the remainder when 70090 is divided by 180?
70
What is the remainder when 17261301 is divided by 1432?
1405
Calculate the remainder when 430030 is divided by 429882.
148
Calculate the remainder when 173777 is divided by 43439.
21
Calculate the remainder when 894578 is divided by 396.
14
What is the remainder when 57787171 is divided by 104?
91
Calculate the remainder when 590599 is divided by 69.
28
Calculate the remainder when 2719786 is divided by 1137.
82
Calculate the remainder when 106243 is divided by 910.
683
Calculate the remainder when 310015 is divided by 5.
0
What is the remainder when 4470365 is divided by 174?
131
What is the remainder when 3996203 is divided by 22?
13
Calculate the remainder when 302163 is divided by 714.
141
Calculate the remainder when 104928223 is divided by 17488036.
7
What is the remainder when 821389 is divided by 2381?
2325
What is the remainder when 3660005 is divided by 12448?
293
What is the remainder when 80347 is divided by 14130?
9697
Calculate the remainder when 21715 is divided by 8233.
5249
Calculate the remainder when 13149 is divided by 419.
160
What is the remainder when 4209181 is divided by 51?
49
What is the remainder when 21838879 is divided by 136?
135
What is the remainder when 26511756 is divided by 434?
432
Calculate the remainder when 540709 is divided by 23508.
25
What is the remainder when 4096519 is divided by 2017?
2009
What is the remainder when 285523 is divided by 4468?
4039
Calculate the remainder when 531415919 is divided by 9520.
9519
What is the remainder when 31557118 is divided by 210?
208
What is the remainder when 213301194 is divided by 4946?
4944
Calculate the remainder when 484504 is divided by 960.
664
What is the remainder when 836095 is divided by 274?
121
What is the remainder when 57009 is divided by 9796?
8029
What is the remainder when 804206 is divided by 57342?
1418
Calculate the remainder when 527357 is divided by 87828.
389
Calculate the remainder when 3626134 is divided by 1721.
1708
What is the remainder when 60499 is divided by 30154?
191
What is the remainder when 3897208 is divided by 36422?
54
What is the remainder when 61843 is divided by 61624?
219
What is the remainder when 6018722 is divided by 2618?
2558
What is the remainder when 878751 is divided by 497?
55
Calculate the remainder when 851796 is divided by 31547.
27
Calculate the remainder when 183535 is divided by 15292.
31
Calculate the remainder when 39837217 is divided by 443.
442
Calculate the remainder when 2153262 is divided by 89.
85
Calculate the remainder when 1840848 is divided by 122721.
33
What is the remainder when 32611305 is divided by 459314?
11
What is the remainder when 54509942 is divided by 54509942?
0
What is the remainder when 73159 is divided by 820?
179
Calculate the remainder when 85638 is divided by 178.
20
What is the remainder when 9418799 is divided by 978?
659
Calculate the remainder when 123214 is divided by 6177.
5851
Calculate the remainder when 9111937 is divided by 9111888.
49
What is the remainder when 11847764 is divided by 2740?
4
Calculate the remainder when 740810067 is divided by 630.
627
What is the remainder when 1383812 is divided by 6986?
584
Cal